 Suppose k + 209 = -s + 3075, -3*k = -2*s - w. Let g = k - 1488. Is g a prime number?
True
Suppose d = 5, -a = a + 4*d - 50. Suppose -f - 96670 = -a*f. Is f a prime number?
False
Let m = -80945 - -887664. Is m composite?
False
Let a(u) = 837*u**2 - 552*u + 5. Is a(4) composite?
True
Suppose 388*y - 154229 = 387*y - 2*b, 5*y = 2*b + 771145. Is y a prime number?
True
Suppose -2*x = -8 - 0. Suppose 0 = -5*j - l + 4449, 3*j = x*l - 2*l + 2659. Is j a composite number?
True
Let b = 33 + -31. Is (1/(-2)*-19486)/(-1 + b) prime?
True
Let k(z) be the second derivative of -157/10*z**5 - 3/2*z**2 + 1/6*z**4 + 0 + 12*z + 1/6*z**3. Is k(-2) composite?
True
Let o = 49255 + 106558. Is o prime?
False
Suppose -3*m - 6324 = -31530. Suppose -155*t = -153*t - m. Is t prime?
True
Let m = 200 - 193. Suppose -2203 = m*h - 8*h. Is h a composite number?
False
Suppose 2*c = -4*p + 180, -3*p - 2*p + 214 = -3*c. Let h = p - 60. Is 37*11 - (h - -14) a prime number?
True
Suppose y - 5*y = 976. Let o = 622 + -119. Let c = o + y. Is c a prime number?
False
Let v be 4/(-6)*3 - (-3 - 1). Suppose -2*p = 6, d - 895 = v*p - 6*p. Is d composite?
False
Suppose -z = 10*m - 14*m - 287557, -4*z = -2*m - 1150158. Is z a prime number?
True
Let g(s) = -s**3 + 8*s**2 - 6*s - 5. Let p be g(6). Let h(v) = -28*v - 37 - 16*v + p. Is h(-2) a prime number?
False
Suppose 3*p - 9523850 = 5*k + 109623, -5*p + 16055739 = 4*k. Is p a composite number?
False
Is 926682 + (-6 + 2 - -11) prime?
True
Suppose -12*b - 1007542 = -32*b + 889918. Is b a prime number?
True
Let s(t) = -130 - 42 + 2536*t - 939*t - 42. Is s(15) a composite number?
False
Let k be ((-252)/(-4))/9 - 3. Is (-1002)/k*252/(-54) prime?
False
Let d(j) = -224*j + 15. Let t(q) = -2*q - 30. Let w = 4 + -17. Let u be t(w). Is d(u) a prime number?
True
Let i(m) = 11*m**2 + m + 17. Let t be i(-5). Is 41/t*(-2)/((-4)/57778) prime?
True
Let c(n) = -60967*n + 6698. Is c(-5) a composite number?
False
Suppose -1145*w + 252147 = -1124*w. Is w a prime number?
True
Suppose 5*g - 3*q = 653102, 198815 + 62423 = 2*g - 4*q. Is g prime?
True
Let v(d) = 12*d**2 + 6*d - 6. Let j be v(-5). Let w(k) = 5*k**2 + 286*k + 33. Let s be w(-64). Let m = j + s. Is m a composite number?
False
Let v(a) = -191*a - 83*a + 6*a - 75 - 112. Is v(-30) a composite number?
False
Suppose 24 = 3*f + 5*x - 12, x - 17 = -2*f. Suppose 0*c = -4*c + 12, -o = 4*c - 14. Suppose f*d + o*d = 801. Is d prime?
True
Let o(l) = 17*l**2 - 9*l - 12. Let c be o(-6). Let r = 902 + 454. Suppose c = 3*f + 3*i, 5*f - 3*i - r + 242 = 0. Is f a prime number?
False
Let o = 616609 + 271792. Is o prime?
False
Suppose -12*d + 40 = -4*d. Suppose s = -3*l + 3095, -4*s = d*l - 1863 - 3300. Is l a prime number?
True
Suppose -10883 = 171*y - 716175 - 92081. Is y prime?
True
Suppose c - 21 - 21 = 0. Suppose 0 = -v + 30 + c. Suppose -v + 681 = 3*g. Is g composite?
True
Let q be 3*1/(-2)*-2. Suppose q*t = 6*t - 15459. Is t prime?
True
Let b(a) = 717*a**2 + 136*a + 1810. Is b(-12) composite?
True
Suppose 5*q + 5*v - 230 = 0, -3*v + 0*v - 46 = -q. Suppose q*k - 35*k = 4345. Is k a composite number?
True
Is 1396*(510/(-40))/(-3) composite?
True
Suppose 0*c - 24 = -6*c. Suppose 0 = 2*z + c, -4*u + 5*z + 36246 = -0*z. Is u composite?
False
Let o = -90 + 79. Let w(h) = 29*h**2 + 41*h + 33. Is w(o) a composite number?
True
Let h = 271056 + -105977. Is h prime?
True
Let m be 312/9 - 8/(-6). Suppose 35*p - 10 = m*p. Is (6 - (-58)/p) + (-3484)/(-5) prime?
False
Suppose 0 = 2*w - 8, 2*t + 5873 = -5*w + 96855. Is t composite?
False
Let s(t) = -2*t + 4. Let i be s(2). Suppose i = b - 1, 2*z + b - 60 = -b. Is (1 + -3)*31*z/(-2) composite?
True
Suppose 0 = -3*x - 3*v + 7712097, 2*x - 4*v - 1192597 = 3948753. Is x a composite number?
True
Suppose 317*u = 11*u + 14667498. Is u composite?
False
Let m be (-1 + (-9)/5)/(2/(-50)). Let n = m - 67. Suppose 4*s = n*s + 1329. Is s composite?
True
Suppose 11*h - 230895 = 14*h. Let i be h/(-30)*4*1. Suppose 13*o + 4009 = i. Is o prime?
False
Suppose -305*h - 188816 = -323*h + 3442. Is h a prime number?
False
Let f(l) = -284*l + 158. Let c be f(17). Let t = -3189 - c. Is t a composite number?
False
Let t = 148285 - -16128. Is t prime?
True
Suppose -3*o = -4*s - 37, 6*s - 4*s + 2 = -4*o. Let r = 92 + s. Is 74*r/15 - (-2)/(-6) a composite number?
False
Suppose -2*u - 5*i = 2, 4*u - 8*i = -7*i + 18. Suppose -408 = -2*h - 2*g, u*g - g = 2*h - 408. Suppose -7*k = -3*k - h. Is k a composite number?
True
Suppose -174*k = -165*k - 11295. Suppose 3*g + k = 4*g + y, 4*g - 2*y - 5008 = 0. Is g a prime number?
False
Suppose -2*n + 47*c + 398186 = 44*c, -5*n + 5*c = -995445. Is n a composite number?
False
Let h(j) = -j**3 + 57*j - 27. Suppose -2*g - 34 - 1 = -3*w, -5*w = -2*g - 25. Is h(g) composite?
False
Suppose -x + 6*a = a + 715, -3*x = 5*a + 2165. Let o = x + 1211. Is o a prime number?
True
Suppose 198*k + 66*k = 2433288. Is k composite?
True
Let n(d) = 2*d - 1. Let t(s) = -1225*s + 7. Let u(v) = -22*n(v) - 2*t(v). Is u(3) prime?
False
Let m(w) be the third derivative of 5*w**4/12 - 5*w**3/2 + 13*w**2. Let x be m(-7). Let c = 4 - x. Is c a composite number?
False
Is (0 + 3)*7/(-21) - (1 + -28557) a prime number?
False
Let l(d) = 2*d**2 - 8*d. Let j be l(4). Suppose 8*k - 108 - 1852 = j. Suppose -h + k = -6. Is h a composite number?
False
Suppose -34*a + 415780 = -33*a + 19*a. Is a a composite number?
False
Let y(p) = 6518*p**2 + 4*p - 779. Is y(-11) prime?
False
Let w = 621 - -964. Suppose 6*f + 22139 + w = 0. Is (1 - (-2)/(-4))*(4 - f) prime?
True
Suppose -3*c = -3*d - 30534, 5*d = -c - c + 20321. Let q = c + 8146. Is q prime?
False
Let w be (90/8)/(21/112). Is 51832/20 - 36/w a prime number?
True
Let x(t) = t**3 - 6*t**2 + 3*t - 42. Let a be x(6). Let l(v) = -2*v + 16. Let p be l(9). Is p/(-3) + (-97976)/a composite?
True
Suppose 0 = k - g - 515, 197 = 5*k + 4*g - 2378. Let u = 3948 + k. Is u a composite number?
False
Is 71558/(-1)*24/(-48) composite?
True
Let c(s) = 14*s**3 - 2*s**2 - 73*s - 3. Is c(16) composite?
False
Let c(u) = -9*u**3 + 10*u**2 + 8*u - 16. Let z be c(-9). Suppose -6242 = -5*h + z. Suppose 0 = 5*p - 0*p - h. Is p a composite number?
False
Suppose -56*r = 8*r - 661612 + 6828. Is r a prime number?
False
Let j = 805 + -466. Let x = j + 619. Is x a composite number?
True
Let h(q) = -q**3 + q**2 - 2*q - 251. Let i be (-5)/(-3) + -2 + 4/12. Let c be h(i). Let d = c - -1442. Is d prime?
False
Suppose 0 = 101*s + 51*s - 25*s - 12005691. Is s a prime number?
False
Let j(n) = 4*n + 30. Let u(x) = -x - 24. Let r be u(-17). Let i be j(r). Is i + (-2 - -3) - -30 a composite number?
True
Suppose 0 = -v - 1, 4*v = -0*s + 2*s - 14. Suppose -s*g = -g + 120. Is (-19868)/(-6)*9*(-5)/g composite?
False
Let y = -522 - -527. Suppose -5 = x, -x = -y*t - 6*x + 18570. Is t prime?
True
Let v be 293820/(-66) - 6/33. Let l = 7483 + v. Is l a composite number?
True
Let w = -3287 - -12206. Suppose 5*h = -t + w, -2*t + 8 = -0*t. Is h a composite number?
False
Let o = -54987 - -380168. Is o a prime number?
True
Let f be 5/(-30) - (-3)/18. Let g be (-4 - -6) + -2 + f. Suppose 3*i - 4*i + 11 = g. Is i prime?
True
Is (-3)/((-12)/(-2)) + (2 - 681198/(-4)) a composite number?
True
Let l be (15 + -18)*(-5)/((-30)/(-8)). Suppose -2*c = -d + 4702 - 1537, 4*c = l*d - 12656. Is d composite?
False
Suppose 4*s - f - 22079 = 21245, -5*f = -4*s + 43324. Is s composite?
False
Suppose -107135 = -27*a + 20197. Suppose a = 26*n - 5138. Is n a composite number?
False
Suppose 570*a = 574*a + 28060. Let q = 13080 + a. Is q composite?
True
Suppose -146255 = -3*l + 2*l. Suppose -l = -26*v - 32193. Is v a composite number?
True
Let p = -7018 - 664. Let d = p + 12387. Is d prime?
False
Let t(c) = -c**2 + 5*c + 2. Let p be t(5). Suppose x - 3 = -5*g + p, -2*g = x + 1. Is g*(-343)/(-2) - -4 prime?
True
Suppose 4*y - 2*k = 1122422, 142*y - 144*y + 3*k + 561197 = 0. Is y prime?
False
Let o(x) = x**3 + 21*x**2 + x + 23. Let a be o(-21). Suppose f - 4*k = 0, a*f - 2*k = -k. Suppose -3*z + 4*n = -759, f*z - 252 = -z + n. Is z a prime number?
False
Suppose 626958 - 4538 = 17*l + 3*l. Is l a composite number?
False
Let s = 6007 + -9446. Let c = -2210 - s. Is c a composite number?
False
Let p(f) = -f**3 + 21*f**2 - 62*f - 13. Suppose -2